t is -20101 + 2?
-20022
In base 4, what is 102 + 2221?
2323
In base 6, what is 0 + -4553?
-4553
In base 9, what is 175 - 40?
135
In base 12, what is 1 - -3b?
40
In base 6, what is -2 - 210?
-212
In base 7, what is 12 + 4?
16
In base 5, what is 31403 + 4?
31412
In base 2, what is -11101 - -100?
-11001
In base 5, what is -3 + -333?
-341
In base 14, what is 4 + -615?
-611
In base 6, what is 20140 + -4?
20132
In base 2, what is 101 + 10010100101?
10010101010
In base 13, what is -35 + -3?
-38
In base 9, what is 202 - -67?
270
In base 2, what is -11011100 + -11?
-11011111
In base 12, what is 15 - -8?
21
In base 8, what is -14 - 1?
-15
In base 2, what is -110 + 111?
1
In base 6, what is 455 + 4?
503
In base 2, what is -111000111 - 100?
-111001011
In base 2, what is 11 - -10010100?
10010111
In base 11, what is 163 - 3?
160
In base 8, what is 3 - 121?
-116
In base 16, what is -8 + -15f?
-167
In base 2, what is 1101100 - 101?
1100111
In base 9, what is 5 + -74?
-68
In base 3, what is 12 + -110220?
-110201
In base 11, what is -1163 + 2?
-1161
In base 4, what is 23 - -1302?
1331
In base 2, what is -101 + 1111?
1010
In base 16, what is -2c - e?
-3a
In base 5, what is -4333 + -23?
-4411
In base 12, what is 983 - 2?
981
In base 3, what is -1 - 21110?
-21111
In base 2, what is -100111 + -1000?
-101111
In base 3, what is -110111120 - 11?
-110111201
In base 15, what is 0 - -358?
358
In base 14, what is 49a - 5?
495
In base 12, what is 1 - 368?
-367
In base 7, what is 2215 - -4?
2222
In base 6, what is 30 - -2?
32
In base 16, what is -170 + 16?
-15a
In base 10, what is -3 - -112?
109
In base 12, what is 54 - -43?
97
In base 10, what is 0 - -783?
783
In base 15, what is -a1 + -c?
-ad
In base 8, what is 461 + -1?
460
In base 14, what is 2 - 65?
-63
In base 10, what is -905 - -4?
-901
In base 13, what is -374 + -4?
-378
In base 16, what is -d - -20?
13
In base 9, what is 537 - 4?
533
In base 15, what is 2de + -5?
2d9
In base 12, what is 40 - -1?
41
In base 7, what is 6620 - 5?
6612
In base 4, what is 1121011 - 11?
1121000
In base 11, what is 5 + 188?
192
In base 4, what is -2 + -10222?
-10230
In base 2, what is 11000111 + 11?
11001010
In base 16, what is 8 + 7d8?
7e0
In base 3, what is -11 + -1112121?
-1112202
In base 16, what is 244 - e?
236
In base 4, what is 110 - 30?
20
In base 5, what is 221222 + -4?
221213
In base 15, what is -1 - 39?
-3a
In base 4, what is -12 - -1021?
1003
In base 3, what is 102121 + -12?
102102
In base 10, what is 17 - -14?
31
In base 6, what is 2 - 312?
-310
In base 10, what is 1829 + 1?
1830
In base 12, what is -3 - 748?
-74b
In base 5, what is 31 + -31?
0
In base 14, what is 99 - 5?
94
In base 4, what is -2 + 2122?
2120
In base 2, what is -100 + -110?
-1010
In base 2, what is 10110110011010 + -11?
10110110010111
In base 10, what is 326 + 5?
331
In base 12, what is 199 + 7?
1a4
In base 2, what is -11111110011 + -11?
-11111110110
In base 9, what is 402 - -5?
407
In base 9, what is 1 - 172?
-171
In base 7, what is -12464 - 0?
-12464
In base 8, what is -14 + 57?
43
In base 2, what is -10010001 - 100?
-10010101
In base 9, what is 1 - 237?
-236
In base 2, what is -100 - -1001?
101
In base 13, what is 7 - -5?
c
In base 15, what is 18 - -1bb?
1d4
In base 12, what is -6 + aa?
a4
In base 2, what is 100110001 + -10?
100101111
In base 3, what is 0 - 222011?
-222011
In base 2, what is 10000001 + -11?
1111110
In base 16, what is 1 + -16?
-15
In base 3, what is 0 - 22202200?
-22202200
In base 4, what is -2 - 1210?
-1212
In base 13, what is 77 + 2?
79
In base 9, what is -11 - 31?
-42
In base 10, what is 20 - -2?
22
In base 2, what is -1010 + -1?
-1011
In base 7, what is -206 + 252?
43
In base 2, what is -11000 + 1100101?
1001101
In base 6, what is 14 + -204?
-150
In base 12, what is -7a - 3?
-81
In base 2, what is -10001 + 11001?
1000
In base 8, what is -417 - -2?
-415
In base 14, what is -3 - 66?
-69
In base 10, what is -4 + -16?
-20
In base 8, what is 1 - -5524?
5525
In base 2, what is -111100110 + 11011?
-111001011
In base 16, what is 4 + 9c4?
9c8
In base 8, what is -40040 + -3?
-40043
In base 3, what is -12 - 1022001?
-1022020
In base 10, what is -1 + 160?
159
In base 5, what is 4 + -41?
-32
In base 3, what is -12 - -210111?
210022
In base 13, what is 3 + -329?
-326
In base 2, what is 101001001 - 1?
101001000
In base 15, what is 1ad + 0?
1ad
In base 11, what is -2787 - 5?
-2791
In base 3, what is -1 - -10211?
10210
In base 15, what is 1 + 64?
65
In base 10, what is 3 + 22?
25
In base 11, what is -320 - -1?
-31a
In base 9, what is 1 - 532?
-531
In base 5, what is -10 + 440?
430
In base 4, what is -2 - 2122?
-2130
In base 10, what is 4 - -4820?
4824
In base 13, what is -46 - 4?
-4a
In base 11, what is -7 + -11?
-18
In base 2, what is 110 + 111101?
1000011
In base 15, what is -b - -25?
19
In base 8, what is -4 + 250?
244
In base 8, what is -50 - 3?
-53
In base 2, what is 10010111 + -101?
10010010
In base 15, what is -a - 6?
-11
In base 3, what is 122 - -11?
210
In base 6, what is 44502 - 2?
44500
In base 13, what is 3 + 2944?
2947
In base 13, what is 5 - -9?
11
In base 8, what is -2 + 323?
321
In base 4, what is 111323 + 2?
111331
In base 11, what is -1 - -165?
164
In base 8, what is -40 + -664?
-724
In base 16, what is -4 - -15?
11
In base 15, what is -4 - -59b?
597
In base 15, what is -2 - 295c?
-295e
In base 16, what is -f + f?
0
In base 6, what is 131550 + 2?
131552
In base 10, what is -115 - 1?
-116
In base 6, what is -403052 + -5?
-403101
In base 6, what is -1 - 22034?
-22035
In base 16, what is -2 + -170?
-172
In base 16, what is 1 + 11c2?
11c3
In base 5, what is -130421 + -10?
-130431
In base 5, what is -2 + 14?
12
In base 10, what is -42 + 515?
473
In base 10, what is 75 - 45?
30
In base 10, what is 129 + 2?
131
In base 16, what is 3 + -3e?
-3b
In base 3, what is 1 - 1211?
-1210
In base 4, what is 2230 - -11?
2301
In base 9, what is 82 - 115?
-23
In base 13, what is 35 + -10?
25
In base 11, what is -116 + -5?
-120
In base 11, what is -4 - -68?
64
In base 13, what is 21 + 46?
67
In base 9, what is -108 + 3?
-105
In base 16, what is -23f - -c?
-233
In base 7, what is 4 - -2?
6
In base 9, what is 3 + 503?
506
In base 6, what is 122 + -4?
114
In base 13, what is -c - -8?
-4
In base 5, what is 241 + 20?
311
In base 10, what is -8659 + 3?
-8656
In base 8, what is 2 + 3074?
3076
In base 16, what is -3 + -5c?
-5f
In base 16, what is -1 + -4ac?
-4ad
In base 10, what is -5 - 1774?
-1779
In base 9, what is -76 + 8?
-67
In base 16, what is -2 + 52?
50
In base 16, what is -5 + 79?
74
In base 9, what is 1 + 42?
43
In base 8, what is -161326 + 2?
-161324
In base 2, what is -101 + -11101000?
-11101101
In base 12, what is -337 - -2?
-335
In base 13, what is 0 - 261?
-261
In base 15, what is -69d6 - 5?
-69db
In base 4, what is 22 + -1003?
-321
In base 3, what is 11 - -12101?
12112
In base 11, what is -27 + 3?
-24
In base 6, what is -430 + 5?
-421
In base 15, what is c + 11?
1d
In base 2, what is -100 + -111001100111?
-111001101011
In base 5, what is -401 + -202?
-1103
In base 9, what is -275 - 1?
-276
In base 7, what is -4214 + 0?
-4214
In base 10, what is 364 - -5?
369
In base 2, what is -1001110 - -11111?
-101111
In base 16, what is 3 + 2?
5
In base 14, what is 10 - -2?
12
In base 13, what is 655 + 3?
658
In base 4, what is -101 + -102?
-203
In base 2, what is 1000 - 111000?
-110000
In base 3, what is 1012 - 21?
221
In base 9, what is 1 - -1238?
1240
In base 12, what is -4 - -397?
393
In base 15, what is -1264 + 1?
-1263
In base 2, what is -1010101010 - -101?
-1010100101
In base 6, what is 210 + -4?
202
In base 2, what is -101 + 10000?
1011
In base 7, what is -1 - -452?
451
In base 10, what is 1090 - 4?
1086
In base 4, what is 102 + -213002?
-212300
In base 9, what is -6 + -28?
-35
In base 3, what is 10121111 + 10?
10121121
In base 11, what is 13a - -53?
192
In base 15, what is 35 + 6?
3b
In base 10, what is -40 - 299?
-339
In base 9, what is 5 - -238?
244
In base 5, what is 1002 - -13?
1020
In base 8, what is 4 + -1523?
-1517
In base 13, what is 3b - 8?
33
In base 16, what is 2 + 14b?
14d
In base 5, what is -1413 - 10?
-1423
In base 4, what is 12 - 32?
-20
In base 5, what is 13 + -103?
-40
In base 13, what is -2 - 19?
-1b
In base 16, what is 99 + c?
a5